{"id":4,"date":"2015-01-14T20:46:10","date_gmt":"2015-01-14T20:46:10","guid":{"rendered":"http:\/\/stavon.cz\/domains\/stavon.cz\/?page_id=4"},"modified":"2017-02-07T19:09:50","modified_gmt":"2017-02-07T18:09:50","slug":"kontakt","status":"publish","type":"page","link":"https:\/\/stavon.cz\/domains\/stavon.cz\/kontakt\/","title":{"rendered":"Kontakt"},"content":{"rendered":"<p>Stavon cz s.r.o.<br \/>\nTom\u00e1\u0161 Kraus &#8211; jednatel<\/p>\n<p>\u017dukovova 719\/12<br \/>\n400 03<br \/>\n\u00daST\u00cd NAD LABEM<\/p>\n<p>I\u010cO : 03041956<br \/>\nDI\u010c : CZ03041956<\/p>\n<p>Tel.:<br \/>\n606 856 834 &#8211; p\u0159\u00edjem zak\u00e1zek<br \/>\n722 163 403 &#8211; dispe\u010der, autodoprava<br \/>\n606 856 834 &#8211; nonstop havarijn\u00ed slu\u017eba,\u00a0<span style=\"line-height: 1.5;\">autoplo\u0161ina, pro\u0159ezy strom\u016f,\u00a0horolezci, v\u00fd\u0161kov\u00e9 pr\u00e1ce<\/span><\/p>\n<p>Mail:<br \/>\nstavon@seznam.cz<br \/>\nstavon95@gmail.com<\/p>\n","protected":false},"excerpt":{"rendered":"<p>Stavon cz s.r.o. Tom\u00e1\u0161 Kraus &#8211; jednatel \u017dukovova 719\/12 400 03 \u00daST\u00cd NAD LABEM I\u010cO : 03041956 DI\u010c : CZ03041956 Tel.: 606 856 834 &#8211; p\u0159\u00edjem zak\u00e1zek 722 163 403 &#8211; dispe\u010der, autodoprava 606 856 834 &#8211; nonstop havarijn\u00ed slu\u017eba,\u00a0autoplo\u0161ina, pro\u0159ezy strom\u016f,\u00a0horolezci, v\u00fd\u0161kov\u00e9 pr\u00e1ce Mail: stavon@seznam.cz stavon95@gmail.com<\/p>\n","protected":false},"author":1,"featured_media":0,"parent":0,"menu_order":0,"comment_status":"closed","ping_status":"open","template":"","meta":{"footnotes":""},"class_list":["post-4","page","type-page","status-publish","hentry"],"_links":{"self":[{"href":"https:\/\/stavon.cz\/domains\/stavon.cz\/wp-json\/wp\/v2\/pages\/4"}],"collection":[{"href":"https:\/\/stavon.cz\/domains\/stavon.cz\/wp-json\/wp\/v2\/pages"}],"about":[{"href":"https:\/\/stavon.cz\/domains\/stavon.cz\/wp-json\/wp\/v2\/types\/page"}],"author":[{"embeddable":true,"href":"https:\/\/stavon.cz\/domains\/stavon.cz\/wp-json\/wp\/v2\/users\/1"}],"replies":[{"embeddable":true,"href":"https:\/\/stavon.cz\/domains\/stavon.cz\/wp-json\/wp\/v2\/comments?post=4"}],"version-history":[{"count":9,"href":"https:\/\/stavon.cz\/domains\/stavon.cz\/wp-json\/wp\/v2\/pages\/4\/revisions"}],"predecessor-version":[{"id":163,"href":"https:\/\/stavon.cz\/domains\/stavon.cz\/wp-json\/wp\/v2\/pages\/4\/revisions\/163"}],"wp:attachment":[{"href":"https:\/\/stavon.cz\/domains\/stavon.cz\/wp-json\/wp\/v2\/media?parent=4"}],"curies":[{"name":"wp","href":"https:\/\/api.w.org\/{rel}","templated":true}]}}